alse
Is 4187 a composite number?
True
Is 32957 a composite number?
False
Is 252347 a prime number?
False
Is 123857 composite?
True
Is 6748255 composite?
True
Is 44417 a prime number?
True
Is 363503 a composite number?
True
Is 6761 a composite number?
False
Is 6733 composite?
False
Is 742193 composite?
False
Is 645833 a prime number?
True
Is 59739 a prime number?
False
Is 1109 a prime number?
True
Is 8351 a composite number?
True
Is 380417 composite?
False
Is 626113 composite?
False
Is 778573 prime?
False
Is 683167 prime?
False
Is 2251783 a prime number?
False
Is 194779 composite?
True
Is 2054377 composite?
True
Is 11071 prime?
True
Is 2777 composite?
False
Is 67739 a prime number?
False
Is 33842 prime?
False
Is 23369 a composite number?
False
Is 14981 a composite number?
True
Is 3989 a prime number?
True
Is 318479 prime?
False
Is 553283 a prime number?
False
Is 15209 composite?
True
Is 553 a prime number?
False
Is 4135 a prime number?
False
Is 84355 composite?
True
Is 1041 a composite number?
True
Is 86311 composite?
False
Is 29091 a composite number?
True
Is 247169 prime?
False
Is 25273 composite?
True
Is 29114 a composite number?
True
Is 786035 composite?
True
Is 1099 a composite number?
True
Is 966487 a composite number?
True
Is 417371 composite?
False
Is 16597 prime?
False
Is 5989 prime?
False
Is 16673 composite?
False
Is 649697 composite?
False
Is 14243 composite?
False
Is 728743 a prime number?
True
Is 69137 composite?
True
Is 14971 a prime number?
False
Is 3155 composite?
True
Is 20453 a composite number?
True
Is 497309 a prime number?
True
Is 275573 a prime number?
True
Is 61319 a composite number?
True
Is 1597 composite?
False
Is 428429 a prime number?
True
Is 15734 a composite number?
True
Is 21865 prime?
False
Is 768523 a prime number?
False
Is 537 composite?
True
Is 13901 prime?
True
Is 37537 composite?
False
Is 516049 a prime number?
True
Is 131981 prime?
False
Is 58099 a prime number?
True
Is 175883 a prime number?
False
Is 1755181 composite?
False
Is 38993 a composite number?
False
Is 250763 a prime number?
False
Is 18053 composite?
True
Is 5078 composite?
True
Is 82139 a prime number?
True
Is 521907 composite?
True
Is 1665659 prime?
True
Is 9181 prime?
True
Is 4358 composite?
True
Is 13367 prime?
True
Is 126307 prime?
True
Is 96803 composite?
True
Is 713381 a composite number?
False
Is 35051 prime?
True
Is 975367 a composite number?
False
Is 1501 a composite number?
True
Is 533129 prime?
True
Is 184133 prime?
True
Is 113413 composite?
True
Is 71107 a prime number?
False
Is 125131 a composite number?
False
Is 13027 a composite number?
True
Is 1113509 composite?
False
Is 145861 a composite number?
False
Is 8651 a composite number?
True
Is 524333 prime?
False
Is 4417 a composite number?
True
Is 107893 a composite number?
True
Is 247241 composite?
False
Is 6947 a prime number?
True
Is 802007 a composite number?
False
Is 21677 prime?
False
Is 10409 prime?
False
Is 47761 prime?
False
Is 1355737 a prime number?
False
Is 46519 composite?
True
Is 5045 prime?
False
Is 354761 composite?
True
Is 357011 a composite number?
True
Is 3641 prime?
False
Is 383957 prime?
False
Is 47041 prime?
True
Is 341723 prime?
False
Is 4711 a prime number?
False
Is 22289 a composite number?
True
Is 13397 a prime number?
True
Is 30881 a prime number?
True
Is 7091 a composite number?
True
Is 1116347 a prime number?
True
Is 3761 prime?
True
Is 70033 prime?
False
Is 487637 composite?
False
Is 743605 a composite number?
True
Is 15373 a composite number?
False
Is 19835 a prime number?
False
Is 859 composite?
False
Is 64063 a composite number?
False
Is 110941 prime?
False
Is 2413 prime?
False
Is 251831 a prime number?
True
Is 10489 a composite number?
True
Is 28559 composite?
False
Is 60209 a composite number?
False
Is 3382103 a composite number?
False
Is 325131 composite?
True
Is 26137 composite?
True
Is 11089 composite?
True
Is 587 a prime number?
True
Is 33529 a composite number?
False
Is 6581 composite?
False
Is 15389 a prime number?
False
Is 191 a composite number?
False
Is 62962 a prime number?
False
Is 102673 prime?
True
Is 52651 a composite number?
True
Is 41381 a prime number?
True
Is 2077 a composite number?
True
Is 533419 prime?
False
Is 124789 a prime number?
False
Is 24889 composite?
False
Is 111715 a composite number?
True
Is 7971 composite?
True
Is 13469 prime?
True
Is 2419 a prime number?
False
Is 122651 composite?
False
Is 1775981 prime?
True
Is 3085 prime?
False
Is 17677 prime?
False
Is 505559 a composite number?
False
Is 56919 composite?
True
Is 496187 prime?
True
Is 89935 composite?
True
Is 46171 prime?
True
Is 73121 prime?
True
Is 14903 a composite number?
True
Is 29461 prime?
False
Is 967 a composite number?
False
Is 6899 a prime number?
True
Is 801239 prime?
False
Is 186913 a prime number?
False
Is 2245 composite?
True
Is 30181 a composite number?
False
Is 57047 prime?
True
Is 62027 composite?
True
Is 43495 prime?
False
Is 78623 a composite number?
False
Is 6071 a composite number?
True
Is 5309 a composite number?
False
Is 4441 prime?
True
Is 16503 composite?
True
Is 11089 composite?
True
Is 45647 a composite number?
True
Is 149803 composite?
False
Is 13613 prime?
True
Is 110009 composite?
True
Is 145718 prime?
False
Is 104879 a composite number?
False
Is 379963 a prime number?
True
Is 5667 composite?
True
Is 13579 a prime number?
False
Is 1439 a composite number?
False
Is 43339 prime?
False
Is 11549 a composite number?
False
Is 110213 prime?
False
Is 168401 composite?
True
Is 22955 a prime number?
False
Is 33346 a prime number?
False
Is 55067 a prime number?
False
Is 12003 a composite number?
True
Is 7663 a prime number?
False
Is 1666751 composite?
True
Is 447479 prime?
False
Is 664661 a composite number?
False
Is 4163411 composite?
True
Is 62963 prime?
False
Is 9533 a prime number?
True
Is 364549 a prime number?
False
Is 307801 a composite number?
True
Is 207421 a composite number?
True
Is 6389 composite?
False
Is 373139 composite?
True
Is 7177 a prime number?
True
Is 10903 prime?
True
Is 22433 a composite number?
False
Is 20323 prime?
True
Is 18263 a prime number?
False
Is 3201787 a prime number?
True
Is 15107 composite?
False
Is 613 a composite number?
False
Is 53953 composite?
True
Is 627709 prime?
True
Is 1117 composite?
False
Is 977 a prime number?
True
Is 40643 a prime number?
False
Is 333733 a composite number?
True
Is 72307 a prime number?
True
Is 49577 prime?
False
Is 8263 a composite number?
False
Is 71042 a composite number?
True
Is 871553 a prime number?
True
Is 12071 prime?
True
Is 9589 a prime number?
False
Is 22519 a composite number?
True
Is 152869 a composite number?
True
Is 1096237 a composite number?
True
Is 2455 composite?
True
Is 58109 a composite number?
False
Is 10007 prime?
True
Is 874841 a composite number?
True
Is 4621 composite?
False
Is 11197 a prime number?
True
Is 3793 prime?
True
Is 795017 composite?
True
Is 73817 composite?
True
Is 406303 composite?
True
Is 50741 composite?
False
Is 33997 a composite number?
False
Is 142357 a prime number?
True
Is 470297 prime?
True
Is 1049 composite?
False
Is 74557 a prime number?
False
Is 56471 composite?
True
Is 797 prime?
True
Is 7867 composite?
False
Is 26131 a composite number?
True
Is 22739 composite?
False
Is 1100497 composite?
True
Is 65 composite?
True
Is 1315 a prime number?
False
Is 22054 composite?
True
Is 2333 a prime number?
True
Is 20369 prime?
True
Is 12961 a prime number?
False
Is 697505 a prime number?
False
Is 41079 a composite number?
True
Is 3637 prime?
True
Is 10123 prime?
False
Is 397 prime?
True
Is 138311 composite?
False
Is 839 composite?
False
Is 60317 a prime number?
True
Is 254593 composite?
False
Is 5021 composite?
False
Is 35797 a composite number?
False
Is 61121 a composite number?
False
Is 4201 prime?
True
Is 55529 prime?
True
Is 26254 a composite number?
True
Is 697681 a prime number?
True
Is 7121 a composite number?
False
Is 65479 prime?
True
Is 91763 composite?
True
Is 28357 a composite number?
True
Is 97 composite?
False
Is 4638137 prime?
False
Is 641443 prime?
False
Is 73267 prime?
False
Is 632746 composite?
True
Is 141377 a composite number?
True
Is 7561 a composite number?
False
Is 139267 prime?
True
Is 115 a composite number?
True
